+ 13 = 0, 3*u - 4*u = -2*w - 11. What is the remainder when 10 is divided by ((-2)/w)/((-9)/(-108))?
4
Let t be (-4)/(-6) + 4/3. Let g(q) = 3 + t*q + 5 + 0*q. What is the remainder when g(6) is divided by 7?
6
Let o(u) = 3*u**2 - 7*u + 8. Let q(y) = -5*y**2 + 11*y - 12. Let x(m) = -8*o(m) - 5*q(m). What is the remainder when x(-6) is divided by 14?
12
Let o(s) = -s**2 - 7*s - 1. Suppose -4*z = -5*t - 157, 2*z + 2*t - 83 = 3*t. Calculate the remainder when z is divided by o(-4).
10
Suppose 315 = 7*q - 2*q. What is the remainder when q is divided by 11?
8
Let r = 19 + 0. Let y(x) = -x**3 + 5*x**2 + 9*x - 8. Let b be y(6). Let s(m) = 5*m - 13. What is the remainder when s(b) is divided by r?
18
Suppose 18*p - 2184 = -6*p. Suppose -4 + 27 = t. What is the remainder when p is divided by t?
22
Let r be 1/(2/16*2). What is the remainder when 37 + -1*(1 - 2) is divided by (r + -6)/(2/(-13))?
12
Let m = 12 + -63. Let f = m + 97. What is the remainder when f is divided by 24?
22
Suppose -11 = -4*m - 3*r + 3, 2*m - 4*r = -4. Suppose 20 = t - m*h, 4*t - 2*h - 50 = -0*h. Calculate the remainder when 28 is divided by t.
8
Let j(s) = 7*s + 2. Let d(a) = 3*a + 1. Let h(f) = -5*d(f) + 3*j(f). What is the remainder when h(13) is divided by 20?
19
Let j(v) = v + 2. Let f be j(0). Suppose r + 13 = f*r. What is the remainder when 23 is divided by r?
10
Suppose 0 = 3*q - q - 36. Calculate the remainder when 51 is divided by q.
15
Let p(h) = -7*h**3 - h**2 - 3*h - 2. Calculate the remainder when 69 is divided by p(-1).
6
Suppose -2*k - 4*t + 102 = 0, k + 4*k = -3*t + 283. Calculate the remainder when k is divided by 5/((-34)/(-8) + -4).
19
Let b = 402 + -265. Calculate the remainder when b is divided by 20.
17
Let h be 22/6 - 3/(-9). Suppose h*b - b = 69. Calculate the remainder when b is divided by 12.
11
Suppose -4*f = -f - 9. Suppose r = f*r - 10. Let b = 31 - 22. What is the remainder when b is divided by r?
4
Let f(i) = i**2 + 9*i + 15. What is the remainder when f(-12) is divided by 9?
6
Suppose -5*f = -0*f - 75. Calculate the remainder when 42 is divided by (-88)/(-6) + 5/f.
12
Let x(p) = p**2 + 1. Let h be x(2). Suppose 0 = h*j - 3*j - 3*i - 22, -5*j = -5*i - 60. Suppose -4*r - j = -54. What is the remainder when 29 is divided by r?
9
Let j = 30 + 1. Suppose 3 + j = 2*q. What is the remainder when 65 is divided by q?
14
Let g = 117 - 73. Calculate the remainder when g is divided by 28.
16
Suppose 15 = 5*o - 4*j - 18, -7 = -o + j. Calculate the remainder when o is divided by 3.
2
Let s = 65 + -91. Let f = 50 + s. What is the remainder when f is divided by 7?
3
What is the remainder when 17 is divided by (-5 - -10) + (-20)/(-4)?
7
Let m(d) = -15 - 12*d + 6 - 2*d**2 + d**2. Suppose -3*u - 2*u = -155. Calculate the remainder when u is divided by m(-10).
9
Let v = -30 - -32. What is the remainder when 7 is divided by v?
1
Suppose 0 = 2*l - 0*l - 120. What is the remainder when l is divided by 21?
18
Let w(p) = 1 - 10*p + 0*p**2 + p**2 - 3. Let s be w(7). Let h = -13 - s. Calculate the remainder when 18 is divided by h.
8
Let t = -9 + 12. What is the remainder when 3 is divided by t?
0
Let t(m) = m**3 + 2*m**2 - 7*m + 2. Calculate the remainder when 24 is divided by t(-3).
10
Let u = 3 + -4. Suppose 0 = 3*y - 4*q + 5, 5*y + 3*q = -q + 45. Calculate the remainder when y is divided by -1*(-3 - 0) + u.
1
Suppose 5*v - 33 = -3*w, 3*v - 4*w - 31 = -3*w. What is the remainder when 61 is divided by v?
7
Suppose w - 232 = -2*p, 7*p + 3*w - 578 = 2*p. Calculate the remainder when p is divided by 17.
16
Let b(j) = -j**3 + 17*j**2 + 20*j + 21. Calculate the remainder when 170 is divided by b(18).
56
Let h be (-1)/(-1) + 0 + 3. Let n(t) be the second derivative of -t**5/20 + t**4/2 - 2*t**3/3 - t**2 - 3*t. What is the remainder when 40 is divided by n(h)?
12
Let g = -15 + 27. What is the remainder when 71 is divided by g?
11
Suppose 0 = p + 2*p - 60. Suppose k + 3 = 0, -3*k = -4*f + p + 5. Calculate the remainder when 13 is divided by (21/6)/(2/f).
6
Suppose -2*d + 3*d - 3 = 0. Let q = d - -15. What is the remainder when q is divided by 30/(-8)*8/(-3)?
8
Calculate the remainder when 43 is divided by (-12)/4*92/(-12).
20
Suppose 10 = t + z, -t - 4*z + 25 = 3. Let o(r) = r**2 - 4*r - 2. Calculate the remainder when t is divided by o(5).
0
What is the remainder when 77 is divided by 80/10*26/8?
25
Let o be (0 + -4)/1 + 6. Suppose 149 - 9 = 3*a - g, 0 = a + o*g - 49. What is the remainder when a is divided by 12?
11
Suppose -2*j - 4*t + 60 = -j, 0 = -4*j + 4*t + 140. What is the remainder when j is divided by 14?
12
Suppose 2 - 38 = -4*b. Let r(n) = n**3 - 2*n**2 - n + 3. Let w be r(-3). Let u = w - -64. What is the remainder when u is divided by b?
7
Calculate the remainder when 321 is divided by 1 + (-8)/2 + 22.
17
Let n(g) = -g**2 - 7*g + 24. Calculate the remainder when 45 is divided by n(-7).
21
Suppose 4*d - 25 - 23 = 0. Suppose -2 = -l + d. Calculate the remainder when 26 is divided by l.
12
Suppose i = -5, 2*j + 126 = 4*j - 4*i. Calculate the remainder when j is divided by 14.
11
Let f = 3 + 2. Let m(v) = -v + 9. Suppose -12 = -4*n + 2*n. Calculate the remainder when f is divided by m(n).
2
Suppose 0 = -5*p + 4*m + 16, -5*p = -m - 17 - 2. Suppose k + 63 = p*k. Calculate the remainder when 41 is divided by k.
20
Let s(h) = h**2 - 2*h - 16. What is the remainder when 66 is divided by s(-5)?
9
Let j(u) = u**3 - 2*u**2 + 3*u - 3. Let v(w) = w**2 - 6*w - 4. What is the remainder when v(7) is divided by j(2)?
0
Suppose 0 = 4*i + 2 + 18. Let b = -3 - i. Suppose b*w = 3 + 7. What is the remainder when w is divided by 3?
2
Let t(a) = 7*a - 17. Let v(i) = -7*i - 7. Calculate the remainder when v(-6) is divided by t(5).
17
Suppose 12 = -4*v - 3*u, 4*v - 5*u - 12 = -2*u. Suppose -11 = -4*o - 5*p, v*o - 6 = 3*o - p. Let h = 8 + o. What is the remainder when 13 is divided by h?
6
Suppose -5*g + 2*a + 241 = 0, -5*g - 4*a = -9*a - 250. What is the remainder when g is divided by 48/(-32) - (-51)/2?
23
Let y(s) = 5*s - 10. Calculate the remainder when y(17) is divided by 39.
36
Suppose -71 = -3*j + 2*j + 4*u, 3*j - 206 = 5*u. What is the remainder when j is divided by 14?
11
Suppose -5*s - m + 22 = 0, -2*m - 3 = -3*s + 5. Calculate the remainder when 14*(12*(-2)/(-4))/4 is divided by s.
1
Suppose 3*i - c - 11 = 0, -2*c - 13 + 41 = 4*i. Suppose 0 = 5*m - 0*o + i*o - 55, 4*o = 4*m - 12. Calculate the remainder when 20 is divided by m.
6
Suppose 3*h - 67 = -3*r - 2*h, 5*r - h = 65. Calculate the remainder when 25 is divided by r.
11
Let b = -13 - -23. Calculate the remainder when 28 is divided by b.
8
Suppose -h = -3*o + 3*h + 81, 2*o - 5*h = 61. What is the remainder when o is divided by 13?
10
Let y = 4 - 8. Calculate the remainder when 13 is divided by (-1)/y + (-27)/(-4).
6
What is the remainder when 87 is divided by 4/(-22) - 1305/(-99)?
9
Let d = -120 - -178. Suppose -6*y - 2*t + 32 = -3*y, 3*y - 2*t - 28 = 0. Suppose 3*i - 5*k - 50 = -i, 5*k = y. What is the remainder when d is divided by i?
13
Let r = 34 + -30. What is the remainder when 11 is divided by r?
3
Let q(a) = -a**3 - 4*a**2 - a - 2. Calculate the remainder when 3 is divided by q(-4).
1
Let y be 2/(-10) + 122/10. Suppose 6 = -2*u + 4*u. What is the remainder when u is divided by (-8)/y - 5/(-3)?
0
Suppose 11*j - 72 = 7*j. Let d be 5 - 3/(-6)*-2. Suppose -4*p - 34 = -4*w - 2, d*p = 8. What is the remainder when j is divided by w?
8
Suppose 2*b + 5*y + 0 - 24 = 0, -4*y = 2*b - 28. Let v = -289 + 374. Calculate the remainder when v is divided by b.
19
Suppose 5*z - 355 = -2*g, -z + g = -2*z + 71. What is the remainder when z is divided by 24?
23
Let n(v) = v**3 + 8*v**2 - 53*v - 6. What is the remainder when n(-12) is divided by 1/((-1)/57*-3)?
16
Let c(d) = 5*d - 9. Suppose 5*m - 4*m - 57 = -2*s, -5*m = 3*s - 68. Calculate the remainder when s is divided by c(5).
15
Let w(f) = -f**2 + 6*f. Let r be w(6). Let g = r - -20. Calculate the remainder when g is divided by (-75)/(-11) - 12/(-66).
6
Let c(h) = -h**3 - h**2 + 3*h. Suppose 2*f = i - 10, 2*f - 2*i + 11 = -3. Let x(g) = 6*g**2 + g - 1. What is the remainder when x(2) is divided by c(f)?
7
Suppose 11 - 63 = -4*a - 3*k, a + k = 13. Calculate the remainder when a is divi